{"id":9956,"date":"2019-05-13T10:17:18","date_gmt":"2019-05-13T07:17:18","guid":{"rendered":"https:\/\/www.solar.fi\/tuote\/smartcord\/"},"modified":"2026-02-02T18:06:35","modified_gmt":"2026-02-02T16:06:35","slug":"solar-terrassgardin","status":"publish","type":"product","link":"https:\/\/solar.fi\/sv\/produkt\/solar-terrassgardin\/","title":{"rendered":"SOLAR Terrassgardin"},"content":{"rendered":"","protected":false},"excerpt":{"rendered":"<div class=\"ewa-rteLine\">Robust pliss\u00e9gardin f\u00f6r inglasade terrasser. Skyddar mot sol och insyn.<\/div>\n<div class=\"ewa-rteLine\">T\u00e5l terrassens skiftande v\u00e4derf\u00f6rh\u00e5llanden \u00e5ret runt.<\/div>\n","protected":false},"featured_media":10819,"comment_status":"closed","ping_status":"closed","template":"","meta":{"_acf_changed":false,"inline_featured_image":false},"product_brand":[],"product_cat":[738],"product_tag":[],"class_list":{"0":"post-9956","1":"product","2":"type-product","3":"status-publish","4":"has-post-thumbnail","6":"product_cat-veckade-persienner-for-balkonger-och-terrasser","7":"pa_kangas-blackout-sv","8":"pa_kangas-elan-sv","9":"pa_vari-2940720201-swan-sv","10":"pa_vari-2940720633-dolphin-sv","11":"pa_vari-2940721831-charcoal-sv","12":"pa_vari-2940724532-elephant-sv","13":"pa_vari-2940727034-mouse-sv","14":"pa_vari-2940770633-dolphin-sv","15":"pa_vari-2940774532-elephant-sv","16":"pa_vari-2940777131-raven-sv-2","17":"pa_vari-2946790000-swan-sv","19":"first","20":"instock","21":"taxable","22":"shipping-taxable","23":"product-type-variable"},"acf":[],"yoast_head":"<!-- This site is optimized with the Yoast SEO plugin v27.3 - https:\/\/yoast.com\/product\/yoast-seo-wordpress\/ -->\n<title>SOLAR Terrassgardin - Solar<\/title>\n<meta name=\"robots\" content=\"index, follow, max-snippet:-1, max-image-preview:large, max-video-preview:-1\" \/>\n<link rel=\"canonical\" href=\"https:\/\/solar.fi\/produkt\/vekkikaihdin-parvekkeelle-ja-terassille-smartcord\/\" \/>\n<meta property=\"og:locale\" content=\"sv_SE\" \/>\n<meta property=\"og:type\" content=\"article\" \/>\n<meta property=\"og:title\" content=\"SOLAR Terrassgardin - Solar\" \/>\n<meta property=\"og:description\" content=\"Robust pliss\u00e9gardin f\u00f6r inglasade terrasser. Skyddar mot sol och insyn. T\u00e5l terrassens skiftande v\u00e4derf\u00f6rh\u00e5llanden \u00e5ret runt.\" \/>\n<meta property=\"og:url\" content=\"https:\/\/solar.fi\/produkt\/vekkikaihdin-parvekkeelle-ja-terassille-smartcord\/\" \/>\n<meta property=\"og:site_name\" content=\"Solar\" \/>\n<meta property=\"article:publisher\" content=\"https:\/\/www.facebook.com\/Solarkaihdin\/\" \/>\n<meta property=\"article:modified_time\" content=\"2026-02-02T16:06:35+00:00\" \/>\n<meta property=\"og:image\" content=\"https:\/\/solar.fi\/wp-content\/uploads\/2019\/08\/019_MX6A6168-scaled.jpg\" \/>\n\t<meta property=\"og:image:width\" content=\"2560\" \/>\n\t<meta property=\"og:image:height\" content=\"1707\" \/>\n\t<meta property=\"og:image:type\" content=\"image\/jpeg\" \/>\n<meta name=\"twitter:card\" content=\"summary_large_image\" \/>\n<script type=\"application\/ld+json\" class=\"yoast-schema-graph\">{\"@context\":\"https:\\\/\\\/schema.org\",\"@graph\":[{\"@type\":\"WebPage\",\"@id\":\"https:\\\/\\\/solar.fi\\\/produkt\\\/vekkikaihdin-parvekkeelle-ja-terassille-smartcord\\\/\",\"url\":\"https:\\\/\\\/solar.fi\\\/produkt\\\/vekkikaihdin-parvekkeelle-ja-terassille-smartcord\\\/\",\"name\":\"SOLAR Terrassgardin - Solar\",\"isPartOf\":{\"@id\":\"https:\\\/\\\/solar.fi\\\/#website\"},\"primaryImageOfPage\":{\"@id\":\"https:\\\/\\\/solar.fi\\\/produkt\\\/vekkikaihdin-parvekkeelle-ja-terassille-smartcord\\\/#primaryimage\"},\"image\":{\"@id\":\"https:\\\/\\\/solar.fi\\\/produkt\\\/vekkikaihdin-parvekkeelle-ja-terassille-smartcord\\\/#primaryimage\"},\"thumbnailUrl\":\"https:\\\/\\\/solar.fi\\\/wp-content\\\/uploads\\\/2019\\\/08\\\/019_MX6A6168-scaled.jpg\",\"datePublished\":\"2019-05-13T07:17:18+00:00\",\"dateModified\":\"2026-02-02T16:06:35+00:00\",\"breadcrumb\":{\"@id\":\"https:\\\/\\\/solar.fi\\\/produkt\\\/vekkikaihdin-parvekkeelle-ja-terassille-smartcord\\\/#breadcrumb\"},\"inLanguage\":\"sv-SE\",\"potentialAction\":[{\"@type\":\"ReadAction\",\"target\":[\"https:\\\/\\\/solar.fi\\\/produkt\\\/vekkikaihdin-parvekkeelle-ja-terassille-smartcord\\\/\"]}]},{\"@type\":\"ImageObject\",\"inLanguage\":\"sv-SE\",\"@id\":\"https:\\\/\\\/solar.fi\\\/produkt\\\/vekkikaihdin-parvekkeelle-ja-terassille-smartcord\\\/#primaryimage\",\"url\":\"https:\\\/\\\/solar.fi\\\/wp-content\\\/uploads\\\/2019\\\/08\\\/019_MX6A6168-scaled.jpg\",\"contentUrl\":\"https:\\\/\\\/solar.fi\\\/wp-content\\\/uploads\\\/2019\\\/08\\\/019_MX6A6168-scaled.jpg\",\"width\":2560,\"height\":1707},{\"@type\":\"BreadcrumbList\",\"@id\":\"https:\\\/\\\/solar.fi\\\/produkt\\\/vekkikaihdin-parvekkeelle-ja-terassille-smartcord\\\/#breadcrumb\",\"itemListElement\":[{\"@type\":\"ListItem\",\"position\":1,\"name\":\"Etusivu\",\"item\":\"https:\\\/\\\/solar.fi\\\/sv\\\/\"},{\"@type\":\"ListItem\",\"position\":2,\"name\":\"Produkter\",\"item\":\"https:\\\/\\\/solar.fi\\\/sv\\\/produkter\\\/\"},{\"@type\":\"ListItem\",\"position\":3,\"name\":\"SOLAR Terrassgardin\"}]},{\"@type\":\"WebSite\",\"@id\":\"https:\\\/\\\/solar.fi\\\/#website\",\"url\":\"https:\\\/\\\/solar.fi\\\/\",\"name\":\"Solar\",\"description\":\"Love the Sun\",\"publisher\":{\"@id\":\"https:\\\/\\\/solar.fi\\\/#organization\"},\"potentialAction\":[{\"@type\":\"SearchAction\",\"target\":{\"@type\":\"EntryPoint\",\"urlTemplate\":\"https:\\\/\\\/solar.fi\\\/?s={search_term_string}\"},\"query-input\":{\"@type\":\"PropertyValueSpecification\",\"valueRequired\":true,\"valueName\":\"search_term_string\"}}],\"inLanguage\":\"sv-SE\"},{\"@type\":\"Organization\",\"@id\":\"https:\\\/\\\/solar.fi\\\/#organization\",\"name\":\"Solar\",\"url\":\"https:\\\/\\\/solar.fi\\\/\",\"logo\":{\"@type\":\"ImageObject\",\"inLanguage\":\"sv-SE\",\"@id\":\"https:\\\/\\\/solar.fi\\\/#\\\/schema\\\/logo\\\/image\\\/\",\"url\":\"https:\\\/\\\/solar.fi\\\/wp-content\\\/uploads\\\/2019\\\/04\\\/solar-logo.png\",\"contentUrl\":\"https:\\\/\\\/solar.fi\\\/wp-content\\\/uploads\\\/2019\\\/04\\\/solar-logo.png\",\"width\":298,\"height\":132,\"caption\":\"Solar\"},\"image\":{\"@id\":\"https:\\\/\\\/solar.fi\\\/#\\\/schema\\\/logo\\\/image\\\/\"},\"sameAs\":[\"https:\\\/\\\/www.facebook.com\\\/Solarkaihdin\\\/\",\"https:\\\/\\\/www.instagram.com\\\/solarkaihdin\\\/\",\"https:\\\/\\\/fi.pinterest.com\\\/solarkaihdin16\\\/\",\"https:\\\/\\\/www.youtube.com\\\/c\\\/SolarKaihdinKyKalajoki?app=desktop\",\"https:\\\/\\\/fi.linkedin.com\\\/company\\\/solar-kaihdin-oy?trk=similar-pages\",\"https:\\\/\\\/www.tiktok.com\\\/@solarkaihdin\"]}]}<\/script>\n<!-- \/ Yoast SEO plugin. -->","yoast_head_json":{"title":"SOLAR Terrassgardin - Solar","robots":{"index":"index","follow":"follow","max-snippet":"max-snippet:-1","max-image-preview":"max-image-preview:large","max-video-preview":"max-video-preview:-1"},"canonical":"https:\/\/solar.fi\/produkt\/vekkikaihdin-parvekkeelle-ja-terassille-smartcord\/","og_locale":"sv_SE","og_type":"article","og_title":"SOLAR Terrassgardin - Solar","og_description":"Robust pliss\u00e9gardin f\u00f6r inglasade terrasser. Skyddar mot sol och insyn. T\u00e5l terrassens skiftande v\u00e4derf\u00f6rh\u00e5llanden \u00e5ret runt.","og_url":"https:\/\/solar.fi\/produkt\/vekkikaihdin-parvekkeelle-ja-terassille-smartcord\/","og_site_name":"Solar","article_publisher":"https:\/\/www.facebook.com\/Solarkaihdin\/","article_modified_time":"2026-02-02T16:06:35+00:00","og_image":[{"width":2560,"height":1707,"url":"https:\/\/solar.fi\/wp-content\/uploads\/2019\/08\/019_MX6A6168-scaled.jpg","type":"image\/jpeg"}],"twitter_card":"summary_large_image","schema":{"@context":"https:\/\/schema.org","@graph":[{"@type":"WebPage","@id":"https:\/\/solar.fi\/produkt\/vekkikaihdin-parvekkeelle-ja-terassille-smartcord\/","url":"https:\/\/solar.fi\/produkt\/vekkikaihdin-parvekkeelle-ja-terassille-smartcord\/","name":"SOLAR Terrassgardin - Solar","isPartOf":{"@id":"https:\/\/solar.fi\/#website"},"primaryImageOfPage":{"@id":"https:\/\/solar.fi\/produkt\/vekkikaihdin-parvekkeelle-ja-terassille-smartcord\/#primaryimage"},"image":{"@id":"https:\/\/solar.fi\/produkt\/vekkikaihdin-parvekkeelle-ja-terassille-smartcord\/#primaryimage"},"thumbnailUrl":"https:\/\/solar.fi\/wp-content\/uploads\/2019\/08\/019_MX6A6168-scaled.jpg","datePublished":"2019-05-13T07:17:18+00:00","dateModified":"2026-02-02T16:06:35+00:00","breadcrumb":{"@id":"https:\/\/solar.fi\/produkt\/vekkikaihdin-parvekkeelle-ja-terassille-smartcord\/#breadcrumb"},"inLanguage":"sv-SE","potentialAction":[{"@type":"ReadAction","target":["https:\/\/solar.fi\/produkt\/vekkikaihdin-parvekkeelle-ja-terassille-smartcord\/"]}]},{"@type":"ImageObject","inLanguage":"sv-SE","@id":"https:\/\/solar.fi\/produkt\/vekkikaihdin-parvekkeelle-ja-terassille-smartcord\/#primaryimage","url":"https:\/\/solar.fi\/wp-content\/uploads\/2019\/08\/019_MX6A6168-scaled.jpg","contentUrl":"https:\/\/solar.fi\/wp-content\/uploads\/2019\/08\/019_MX6A6168-scaled.jpg","width":2560,"height":1707},{"@type":"BreadcrumbList","@id":"https:\/\/solar.fi\/produkt\/vekkikaihdin-parvekkeelle-ja-terassille-smartcord\/#breadcrumb","itemListElement":[{"@type":"ListItem","position":1,"name":"Etusivu","item":"https:\/\/solar.fi\/sv\/"},{"@type":"ListItem","position":2,"name":"Produkter","item":"https:\/\/solar.fi\/sv\/produkter\/"},{"@type":"ListItem","position":3,"name":"SOLAR Terrassgardin"}]},{"@type":"WebSite","@id":"https:\/\/solar.fi\/#website","url":"https:\/\/solar.fi\/","name":"Solar","description":"Love the Sun","publisher":{"@id":"https:\/\/solar.fi\/#organization"},"potentialAction":[{"@type":"SearchAction","target":{"@type":"EntryPoint","urlTemplate":"https:\/\/solar.fi\/?s={search_term_string}"},"query-input":{"@type":"PropertyValueSpecification","valueRequired":true,"valueName":"search_term_string"}}],"inLanguage":"sv-SE"},{"@type":"Organization","@id":"https:\/\/solar.fi\/#organization","name":"Solar","url":"https:\/\/solar.fi\/","logo":{"@type":"ImageObject","inLanguage":"sv-SE","@id":"https:\/\/solar.fi\/#\/schema\/logo\/image\/","url":"https:\/\/solar.fi\/wp-content\/uploads\/2019\/04\/solar-logo.png","contentUrl":"https:\/\/solar.fi\/wp-content\/uploads\/2019\/04\/solar-logo.png","width":298,"height":132,"caption":"Solar"},"image":{"@id":"https:\/\/solar.fi\/#\/schema\/logo\/image\/"},"sameAs":["https:\/\/www.facebook.com\/Solarkaihdin\/","https:\/\/www.instagram.com\/solarkaihdin\/","https:\/\/fi.pinterest.com\/solarkaihdin16\/","https:\/\/www.youtube.com\/c\/SolarKaihdinKyKalajoki?app=desktop","https:\/\/fi.linkedin.com\/company\/solar-kaihdin-oy?trk=similar-pages","https:\/\/www.tiktok.com\/@solarkaihdin"]}]}},"_links":{"self":[{"href":"https:\/\/solar.fi\/sv\/wp-json\/wp\/v2\/product\/9956","targetHints":{"allow":["GET"]}}],"collection":[{"href":"https:\/\/solar.fi\/sv\/wp-json\/wp\/v2\/product"}],"about":[{"href":"https:\/\/solar.fi\/sv\/wp-json\/wp\/v2\/types\/product"}],"replies":[{"embeddable":true,"href":"https:\/\/solar.fi\/sv\/wp-json\/wp\/v2\/comments?post=9956"}],"wp:featuredmedia":[{"embeddable":true,"href":"https:\/\/solar.fi\/sv\/wp-json\/wp\/v2\/media\/10819"}],"wp:attachment":[{"href":"https:\/\/solar.fi\/sv\/wp-json\/wp\/v2\/media?parent=9956"}],"wp:term":[{"taxonomy":"product_brand","embeddable":true,"href":"https:\/\/solar.fi\/sv\/wp-json\/wp\/v2\/product_brand?post=9956"},{"taxonomy":"product_cat","embeddable":true,"href":"https:\/\/solar.fi\/sv\/wp-json\/wp\/v2\/product_cat?post=9956"},{"taxonomy":"product_tag","embeddable":true,"href":"https:\/\/solar.fi\/sv\/wp-json\/wp\/v2\/product_tag?post=9956"}],"curies":[{"name":"wp","href":"https:\/\/api.w.org\/{rel}","templated":true}]}}

<div class="ewa-rteLine">Robust plisségardin för inglasade terrasser. Skyddar mot sol och insyn.</div>
<div class="ewa-rteLine">Tål terrassens skiftande väderförhållanden året runt.</div>

<!-- This site is optimized with the Yoast SEO plugin v27.3 - https://yoast.com/product/yoast-seo-wordpress/ -->
<title>SOLAR Terrassgardin - Solar</title>
<meta name="robots" content="index, follow, max-snippet:-1, max-image-preview:large, max-video-preview:-1" />
<link rel="canonical" href="https://solar.fi/produkt/vekkikaihdin-parvekkeelle-ja-terassille-smartcord/" />
<meta property="og:locale" content="sv_SE" />
<meta property="og:type" content="article" />
<meta property="og:title" content="SOLAR Terrassgardin - Solar" />
<meta property="og:description" content="Robust plisségardin för inglasade terrasser. Skyddar mot sol och insyn. Tål terrassens skiftande väderförhållanden året runt." />
<meta property="og:url" content="https://solar.fi/produkt/vekkikaihdin-parvekkeelle-ja-terassille-smartcord/" />
<meta property="og:site_name" content="Solar" />
<meta property="article:publisher" content="https://www.facebook.com/Solarkaihdin/" />
<meta property="article:modified_time" content="2026-02-02T16:06:35+00:00" />
<meta property="og:image" content="https://solar.fi/wp-content/uploads/2019/08/019_MX6A6168-scaled.jpg" />
	<meta property="og:image:width" content="2560" />
	<meta property="og:image:height" content="1707" />
	<meta property="og:image:type" content="image/jpeg" />
<meta name="twitter:card" content="summary_large_image" />
<script type="application/ld+json" class="yoast-schema-graph">{"@context":"https:\/\/schema.org","@graph":[{"@type":"WebPage","@id":"https:\/\/solar.fi\/produkt\/vekkikaihdin-parvekkeelle-ja-terassille-smartcord\/","url":"https:\/\/solar.fi\/produkt\/vekkikaihdin-parvekkeelle-ja-terassille-smartcord\/","name":"SOLAR Terrassgardin - Solar","isPartOf":{"@id":"https:\/\/solar.fi\/#website"},"primaryImageOfPage":{"@id":"https:\/\/solar.fi\/produkt\/vekkikaihdin-parvekkeelle-ja-terassille-smartcord\/#primaryimage"},"image":{"@id":"https:\/\/solar.fi\/produkt\/vekkikaihdin-parvekkeelle-ja-terassille-smartcord\/#primaryimage"},"thumbnailUrl":"https:\/\/solar.fi\/wp-content\/uploads\/2019\/08\/019_MX6A6168-scaled.jpg","datePublished":"2019-05-13T07:17:18+00:00","dateModified":"2026-02-02T16:06:35+00:00","breadcrumb":{"@id":"https:\/\/solar.fi\/produkt\/vekkikaihdin-parvekkeelle-ja-terassille-smartcord\/#breadcrumb"},"inLanguage":"sv-SE","potentialAction":[{"@type":"ReadAction","target":["https:\/\/solar.fi\/produkt\/vekkikaihdin-parvekkeelle-ja-terassille-smartcord\/"]}]},{"@type":"ImageObject","inLanguage":"sv-SE","@id":"https:\/\/solar.fi\/produkt\/vekkikaihdin-parvekkeelle-ja-terassille-smartcord\/#primaryimage","url":"https:\/\/solar.fi\/wp-content\/uploads\/2019\/08\/019_MX6A6168-scaled.jpg","contentUrl":"https:\/\/solar.fi\/wp-content\/uploads\/2019\/08\/019_MX6A6168-scaled.jpg","width":2560,"height":1707},{"@type":"BreadcrumbList","@id":"https:\/\/solar.fi\/produkt\/vekkikaihdin-parvekkeelle-ja-terassille-smartcord\/#breadcrumb","itemListElement":[{"@type":"ListItem","position":1,"name":"Etusivu","item":"https:\/\/solar.fi\/sv\/"},{"@type":"ListItem","position":2,"name":"Produkter","item":"https:\/\/solar.fi\/sv\/produkter\/"},{"@type":"ListItem","position":3,"name":"SOLAR Terrassgardin"}]},{"@type":"WebSite","@id":"https:\/\/solar.fi\/#website","url":"https:\/\/solar.fi\/","name":"Solar","description":"Love the Sun","publisher":{"@id":"https:\/\/solar.fi\/#organization"},"potentialAction":[{"@type":"SearchAction","target":{"@type":"EntryPoint","urlTemplate":"https:\/\/solar.fi\/?s={search_term_string}"},"query-input":{"@type":"PropertyValueSpecification","valueRequired":true,"valueName":"search_term_string"}}],"inLanguage":"sv-SE"},{"@type":"Organization","@id":"https:\/\/solar.fi\/#organization","name":"Solar","url":"https:\/\/solar.fi\/","logo":{"@type":"ImageObject","inLanguage":"sv-SE","@id":"https:\/\/solar.fi\/#\/schema\/logo\/image\/","url":"https:\/\/solar.fi\/wp-content\/uploads\/2019\/04\/solar-logo.png","contentUrl":"https:\/\/solar.fi\/wp-content\/uploads\/2019\/04\/solar-logo.png","width":298,"height":132,"caption":"Solar"},"image":{"@id":"https:\/\/solar.fi\/#\/schema\/logo\/image\/"},"sameAs":["https:\/\/www.facebook.com\/Solarkaihdin\/","https:\/\/www.instagram.com\/solarkaihdin\/","https:\/\/fi.pinterest.com\/solarkaihdin16\/","https:\/\/www.youtube.com\/c\/SolarKaihdinKyKalajoki?app=desktop","https:\/\/fi.linkedin.com\/company\/solar-kaihdin-oy?trk=similar-pages","https:\/\/www.tiktok.com\/@solarkaihdin"]}]}</script>
<!-- / Yoast SEO plugin. -->

Robust plisségardin för inglasade terrasser. Skyddar mot sol och insyn. Tål terrassens skiftande väderförhållanden året runt.
