{"id":10429,"date":"2019-04-04T11:51:44","date_gmt":"2019-04-04T08:51:44","guid":{"rendered":"https:\/\/www.solar.fi\/tuote\/bb24\/"},"modified":"2025-12-16T15:43:48","modified_gmt":"2025-12-16T13:43:48","slug":"solar-plissegardin-pa-fonsteryta","status":"publish","type":"product","link":"https:\/\/solar.fi\/sv\/produkt\/solar-plissegardin-pa-fonsteryta\/","title":{"rendered":"SOLAR Pliss\u00e9gardin p\u00e5 f\u00f6nsteryta"},"content":{"rendered":"","protected":false},"excerpt":{"rendered":"<p>SOLAR Pliss\u00e9gardin p\u00e5 f\u00f6nsteryta kan justeras b\u00e5de uppifr\u00e5n och nedifr\u00e5n och \u00e4r ett av v\u00e5ra mest popul\u00e4ra gardinval.<\/p>\n<p>Produkten monteras direkt p\u00e5 f\u00f6nstrets glas.<\/p>\n","protected":false},"featured_media":83268,"comment_status":"open","ping_status":"closed","template":"","meta":{"_acf_changed":false,"inline_featured_image":false},"product_brand":[],"product_cat":[736],"product_tag":[],"class_list":{"0":"post-10429","1":"product","2":"type-product","3":"status-publish","4":"has-post-thumbnail","6":"product_cat-vekkikaihtimet-ikkunoihin-ja-oviin-sv","7":"pa_kangas-perus-lapikuultava-sv","8":"pa_kangas-luksus-sv","9":"pa_kangas-perus-peittava-sv","10":"pa_vari-musta-peittava-sv","11":"pa_vari-ruskea-luksus-sv","12":"pa_vari-ruskea-peittava-sv","13":"pa_vari-tummanharmaa-lapikuultava-sv","14":"pa_vari-tummanharmaa-luksus-sv","15":"pa_vari-tummanharmaa-peittava-sv","16":"pa_vari-vaaleanharmaa-lapikuultava-sv","17":"pa_vari-vaaleanharmaa-luksus-sv","18":"pa_vari-vaaleanharmaa-peittava-sv","19":"pa_vari-valkoinen-lapikuultava-sv","20":"pa_vari-valkoinen-luksus-sv","21":"pa_vari-valkoinen-peittava-sv","23":"first","24":"instock","25":"taxable","26":"shipping-taxable","27":"purchasable","28":"product-type-variable"},"acf":[],"yoast_head":"<!-- This site is optimized with the Yoast SEO plugin v27.3 - https:\/\/yoast.com\/product\/yoast-seo-wordpress\/ -->\n<title>SOLAR Pliss\u00e9gardin p\u00e5 f\u00f6nsteryta - Solar<\/title>\n<meta name=\"robots\" content=\"index, follow, max-snippet:-1, max-image-preview:large, max-video-preview:-1\" \/>\n<link rel=\"canonical\" href=\"https:\/\/solar.fi\/sv\/produkt\/solar-plissegardin-pa-fonsteryta\/\" \/>\n<meta property=\"og:locale\" content=\"sv_SE\" \/>\n<meta property=\"og:type\" content=\"article\" \/>\n<meta property=\"og:title\" content=\"SOLAR Pliss\u00e9gardin p\u00e5 f\u00f6nsteryta - Solar\" \/>\n<meta property=\"og:description\" content=\"SOLAR Pliss\u00e9gardin p\u00e5 f\u00f6nsteryta kan justeras b\u00e5de uppifr\u00e5n och nedifr\u00e5n och \u00e4r ett av v\u00e5ra mest popul\u00e4ra gardinval.  Produkten monteras direkt p\u00e5 f\u00f6nstrets glas.\" \/>\n<meta property=\"og:url\" content=\"https:\/\/solar.fi\/sv\/produkt\/solar-plissegardin-pa-fonsteryta\/\" \/>\n<meta property=\"og:site_name\" content=\"Solar\" \/>\n<meta property=\"article:publisher\" content=\"https:\/\/www.facebook.com\/Solarkaihdin\/\" \/>\n<meta property=\"article:modified_time\" content=\"2025-12-16T13:43:48+00:00\" \/>\n<meta property=\"og:image\" content=\"https:\/\/solar.fi\/wp-content\/uploads\/2025\/04\/Valkoinen-vekkikaihdin-valkoinen-johde-scaled.jpg\" \/>\n\t<meta property=\"og:image:width\" content=\"2560\" \/>\n\t<meta property=\"og:image:height\" content=\"1508\" \/>\n\t<meta property=\"og:image:type\" content=\"image\/jpeg\" \/>\n<meta name=\"twitter:card\" content=\"summary_large_image\" \/>\n<script type=\"application\/ld+json\" class=\"yoast-schema-graph\">{\"@context\":\"https:\\\/\\\/schema.org\",\"@graph\":[{\"@type\":\"WebPage\",\"@id\":\"https:\\\/\\\/solar.fi\\\/sv\\\/produkt\\\/solar-plissegardin-pa-fonsteryta\\\/\",\"url\":\"https:\\\/\\\/solar.fi\\\/sv\\\/produkt\\\/solar-plissegardin-pa-fonsteryta\\\/\",\"name\":\"SOLAR Pliss\u00e9gardin p\u00e5 f\u00f6nsteryta - Solar\",\"isPartOf\":{\"@id\":\"https:\\\/\\\/solar.fi\\\/#website\"},\"primaryImageOfPage\":{\"@id\":\"https:\\\/\\\/solar.fi\\\/sv\\\/produkt\\\/solar-plissegardin-pa-fonsteryta\\\/#primaryimage\"},\"image\":{\"@id\":\"https:\\\/\\\/solar.fi\\\/sv\\\/produkt\\\/solar-plissegardin-pa-fonsteryta\\\/#primaryimage\"},\"thumbnailUrl\":\"https:\\\/\\\/solar.fi\\\/wp-content\\\/uploads\\\/2025\\\/04\\\/Valkoinen-vekkikaihdin-valkoinen-johde-scaled.jpg\",\"datePublished\":\"2019-04-04T08:51:44+00:00\",\"dateModified\":\"2025-12-16T13:43:48+00:00\",\"breadcrumb\":{\"@id\":\"https:\\\/\\\/solar.fi\\\/sv\\\/produkt\\\/solar-plissegardin-pa-fonsteryta\\\/#breadcrumb\"},\"inLanguage\":\"sv-SE\",\"potentialAction\":[{\"@type\":\"ReadAction\",\"target\":[\"https:\\\/\\\/solar.fi\\\/sv\\\/produkt\\\/solar-plissegardin-pa-fonsteryta\\\/\"]}]},{\"@type\":\"ImageObject\",\"inLanguage\":\"sv-SE\",\"@id\":\"https:\\\/\\\/solar.fi\\\/sv\\\/produkt\\\/solar-plissegardin-pa-fonsteryta\\\/#primaryimage\",\"url\":\"https:\\\/\\\/solar.fi\\\/wp-content\\\/uploads\\\/2025\\\/04\\\/Valkoinen-vekkikaihdin-valkoinen-johde-scaled.jpg\",\"contentUrl\":\"https:\\\/\\\/solar.fi\\\/wp-content\\\/uploads\\\/2025\\\/04\\\/Valkoinen-vekkikaihdin-valkoinen-johde-scaled.jpg\",\"width\":2560,\"height\":1508,\"caption\":\"pimennysverho ikkunaan valkoinen\"},{\"@type\":\"BreadcrumbList\",\"@id\":\"https:\\\/\\\/solar.fi\\\/sv\\\/produkt\\\/solar-plissegardin-pa-fonsteryta\\\/#breadcrumb\",\"itemListElement\":[{\"@type\":\"ListItem\",\"position\":1,\"name\":\"Etusivu\",\"item\":\"https:\\\/\\\/solar.fi\\\/sv\\\/\"},{\"@type\":\"ListItem\",\"position\":2,\"name\":\"Produkter\",\"item\":\"https:\\\/\\\/solar.fi\\\/sv\\\/produkter\\\/\"},{\"@type\":\"ListItem\",\"position\":3,\"name\":\"SOLAR Pliss\u00e9gardin p\u00e5 f\u00f6nsteryta\"}]},{\"@type\":\"WebSite\",\"@id\":\"https:\\\/\\\/solar.fi\\\/#website\",\"url\":\"https:\\\/\\\/solar.fi\\\/\",\"name\":\"Solar\",\"description\":\"Love the Sun\",\"publisher\":{\"@id\":\"https:\\\/\\\/solar.fi\\\/#organization\"},\"potentialAction\":[{\"@type\":\"SearchAction\",\"target\":{\"@type\":\"EntryPoint\",\"urlTemplate\":\"https:\\\/\\\/solar.fi\\\/?s={search_term_string}\"},\"query-input\":{\"@type\":\"PropertyValueSpecification\",\"valueRequired\":true,\"valueName\":\"search_term_string\"}}],\"inLanguage\":\"sv-SE\"},{\"@type\":\"Organization\",\"@id\":\"https:\\\/\\\/solar.fi\\\/#organization\",\"name\":\"Solar\",\"url\":\"https:\\\/\\\/solar.fi\\\/\",\"logo\":{\"@type\":\"ImageObject\",\"inLanguage\":\"sv-SE\",\"@id\":\"https:\\\/\\\/solar.fi\\\/#\\\/schema\\\/logo\\\/image\\\/\",\"url\":\"https:\\\/\\\/solar.fi\\\/wp-content\\\/uploads\\\/2019\\\/04\\\/solar-logo.png\",\"contentUrl\":\"https:\\\/\\\/solar.fi\\\/wp-content\\\/uploads\\\/2019\\\/04\\\/solar-logo.png\",\"width\":298,\"height\":132,\"caption\":\"Solar\"},\"image\":{\"@id\":\"https:\\\/\\\/solar.fi\\\/#\\\/schema\\\/logo\\\/image\\\/\"},\"sameAs\":[\"https:\\\/\\\/www.facebook.com\\\/Solarkaihdin\\\/\",\"https:\\\/\\\/www.instagram.com\\\/solarkaihdin\\\/\",\"https:\\\/\\\/fi.pinterest.com\\\/solarkaihdin16\\\/\",\"https:\\\/\\\/www.youtube.com\\\/c\\\/SolarKaihdinKyKalajoki?app=desktop\",\"https:\\\/\\\/fi.linkedin.com\\\/company\\\/solar-kaihdin-oy?trk=similar-pages\",\"https:\\\/\\\/www.tiktok.com\\\/@solarkaihdin\"]}]}<\/script>\n<!-- \/ Yoast SEO plugin. -->","yoast_head_json":{"title":"SOLAR Pliss\u00e9gardin p\u00e5 f\u00f6nsteryta - Solar","robots":{"index":"index","follow":"follow","max-snippet":"max-snippet:-1","max-image-preview":"max-image-preview:large","max-video-preview":"max-video-preview:-1"},"canonical":"https:\/\/solar.fi\/sv\/produkt\/solar-plissegardin-pa-fonsteryta\/","og_locale":"sv_SE","og_type":"article","og_title":"SOLAR Pliss\u00e9gardin p\u00e5 f\u00f6nsteryta - Solar","og_description":"SOLAR Pliss\u00e9gardin p\u00e5 f\u00f6nsteryta kan justeras b\u00e5de uppifr\u00e5n och nedifr\u00e5n och \u00e4r ett av v\u00e5ra mest popul\u00e4ra gardinval.  Produkten monteras direkt p\u00e5 f\u00f6nstrets glas.","og_url":"https:\/\/solar.fi\/sv\/produkt\/solar-plissegardin-pa-fonsteryta\/","og_site_name":"Solar","article_publisher":"https:\/\/www.facebook.com\/Solarkaihdin\/","article_modified_time":"2025-12-16T13:43:48+00:00","og_image":[{"width":2560,"height":1508,"url":"https:\/\/solar.fi\/wp-content\/uploads\/2025\/04\/Valkoinen-vekkikaihdin-valkoinen-johde-scaled.jpg","type":"image\/jpeg"}],"twitter_card":"summary_large_image","schema":{"@context":"https:\/\/schema.org","@graph":[{"@type":"WebPage","@id":"https:\/\/solar.fi\/sv\/produkt\/solar-plissegardin-pa-fonsteryta\/","url":"https:\/\/solar.fi\/sv\/produkt\/solar-plissegardin-pa-fonsteryta\/","name":"SOLAR Pliss\u00e9gardin p\u00e5 f\u00f6nsteryta - Solar","isPartOf":{"@id":"https:\/\/solar.fi\/#website"},"primaryImageOfPage":{"@id":"https:\/\/solar.fi\/sv\/produkt\/solar-plissegardin-pa-fonsteryta\/#primaryimage"},"image":{"@id":"https:\/\/solar.fi\/sv\/produkt\/solar-plissegardin-pa-fonsteryta\/#primaryimage"},"thumbnailUrl":"https:\/\/solar.fi\/wp-content\/uploads\/2025\/04\/Valkoinen-vekkikaihdin-valkoinen-johde-scaled.jpg","datePublished":"2019-04-04T08:51:44+00:00","dateModified":"2025-12-16T13:43:48+00:00","breadcrumb":{"@id":"https:\/\/solar.fi\/sv\/produkt\/solar-plissegardin-pa-fonsteryta\/#breadcrumb"},"inLanguage":"sv-SE","potentialAction":[{"@type":"ReadAction","target":["https:\/\/solar.fi\/sv\/produkt\/solar-plissegardin-pa-fonsteryta\/"]}]},{"@type":"ImageObject","inLanguage":"sv-SE","@id":"https:\/\/solar.fi\/sv\/produkt\/solar-plissegardin-pa-fonsteryta\/#primaryimage","url":"https:\/\/solar.fi\/wp-content\/uploads\/2025\/04\/Valkoinen-vekkikaihdin-valkoinen-johde-scaled.jpg","contentUrl":"https:\/\/solar.fi\/wp-content\/uploads\/2025\/04\/Valkoinen-vekkikaihdin-valkoinen-johde-scaled.jpg","width":2560,"height":1508,"caption":"pimennysverho ikkunaan valkoinen"},{"@type":"BreadcrumbList","@id":"https:\/\/solar.fi\/sv\/produkt\/solar-plissegardin-pa-fonsteryta\/#breadcrumb","itemListElement":[{"@type":"ListItem","position":1,"name":"Etusivu","item":"https:\/\/solar.fi\/sv\/"},{"@type":"ListItem","position":2,"name":"Produkter","item":"https:\/\/solar.fi\/sv\/produkter\/"},{"@type":"ListItem","position":3,"name":"SOLAR Pliss\u00e9gardin p\u00e5 f\u00f6nsteryta"}]},{"@type":"WebSite","@id":"https:\/\/solar.fi\/#website","url":"https:\/\/solar.fi\/","name":"Solar","description":"Love the Sun","publisher":{"@id":"https:\/\/solar.fi\/#organization"},"potentialAction":[{"@type":"SearchAction","target":{"@type":"EntryPoint","urlTemplate":"https:\/\/solar.fi\/?s={search_term_string}"},"query-input":{"@type":"PropertyValueSpecification","valueRequired":true,"valueName":"search_term_string"}}],"inLanguage":"sv-SE"},{"@type":"Organization","@id":"https:\/\/solar.fi\/#organization","name":"Solar","url":"https:\/\/solar.fi\/","logo":{"@type":"ImageObject","inLanguage":"sv-SE","@id":"https:\/\/solar.fi\/#\/schema\/logo\/image\/","url":"https:\/\/solar.fi\/wp-content\/uploads\/2019\/04\/solar-logo.png","contentUrl":"https:\/\/solar.fi\/wp-content\/uploads\/2019\/04\/solar-logo.png","width":298,"height":132,"caption":"Solar"},"image":{"@id":"https:\/\/solar.fi\/#\/schema\/logo\/image\/"},"sameAs":["https:\/\/www.facebook.com\/Solarkaihdin\/","https:\/\/www.instagram.com\/solarkaihdin\/","https:\/\/fi.pinterest.com\/solarkaihdin16\/","https:\/\/www.youtube.com\/c\/SolarKaihdinKyKalajoki?app=desktop","https:\/\/fi.linkedin.com\/company\/solar-kaihdin-oy?trk=similar-pages","https:\/\/www.tiktok.com\/@solarkaihdin"]}]}},"_links":{"self":[{"href":"https:\/\/solar.fi\/sv\/wp-json\/wp\/v2\/product\/10429","targetHints":{"allow":["GET"]}}],"collection":[{"href":"https:\/\/solar.fi\/sv\/wp-json\/wp\/v2\/product"}],"about":[{"href":"https:\/\/solar.fi\/sv\/wp-json\/wp\/v2\/types\/product"}],"replies":[{"embeddable":true,"href":"https:\/\/solar.fi\/sv\/wp-json\/wp\/v2\/comments?post=10429"}],"wp:featuredmedia":[{"embeddable":true,"href":"https:\/\/solar.fi\/sv\/wp-json\/wp\/v2\/media\/83268"}],"wp:attachment":[{"href":"https:\/\/solar.fi\/sv\/wp-json\/wp\/v2\/media?parent=10429"}],"wp:term":[{"taxonomy":"product_brand","embeddable":true,"href":"https:\/\/solar.fi\/sv\/wp-json\/wp\/v2\/product_brand?post=10429"},{"taxonomy":"product_cat","embeddable":true,"href":"https:\/\/solar.fi\/sv\/wp-json\/wp\/v2\/product_cat?post=10429"},{"taxonomy":"product_tag","embeddable":true,"href":"https:\/\/solar.fi\/sv\/wp-json\/wp\/v2\/product_tag?post=10429"}],"curies":[{"name":"wp","href":"https:\/\/api.w.org\/{rel}","templated":true}]}}

SOLAR Plisségardin på fönsteryta

<p>SOLAR Plisségardin på fönsteryta kan justeras både uppifrån och nedifrån och är ett av våra mest populära gardinval.</p>
<p>Produkten monteras direkt på fönstrets glas.</p>

<!-- This site is optimized with the Yoast SEO plugin v27.3 - https://yoast.com/product/yoast-seo-wordpress/ -->
<title>SOLAR Plisségardin på fönsteryta - Solar</title>
<meta name="robots" content="index, follow, max-snippet:-1, max-image-preview:large, max-video-preview:-1" />
<link rel="canonical" href="https://solar.fi/sv/produkt/solar-plissegardin-pa-fonsteryta/" />
<meta property="og:locale" content="sv_SE" />
<meta property="og:type" content="article" />
<meta property="og:title" content="SOLAR Plisségardin på fönsteryta - Solar" />
<meta property="og:description" content="SOLAR Plisségardin på fönsteryta kan justeras både uppifrån och nedifrån och är ett av våra mest populära gardinval.  Produkten monteras direkt på fönstrets glas." />
<meta property="og:url" content="https://solar.fi/sv/produkt/solar-plissegardin-pa-fonsteryta/" />
<meta property="og:site_name" content="Solar" />
<meta property="article:publisher" content="https://www.facebook.com/Solarkaihdin/" />
<meta property="article:modified_time" content="2025-12-16T13:43:48+00:00" />
<meta property="og:image" content="https://solar.fi/wp-content/uploads/2025/04/Valkoinen-vekkikaihdin-valkoinen-johde-scaled.jpg" />
	<meta property="og:image:width" content="2560" />
	<meta property="og:image:height" content="1508" />
	<meta property="og:image:type" content="image/jpeg" />
<meta name="twitter:card" content="summary_large_image" />
<script type="application/ld+json" class="yoast-schema-graph">{"@context":"https:\/\/schema.org","@graph":[{"@type":"WebPage","@id":"https:\/\/solar.fi\/sv\/produkt\/solar-plissegardin-pa-fonsteryta\/","url":"https:\/\/solar.fi\/sv\/produkt\/solar-plissegardin-pa-fonsteryta\/","name":"SOLAR Plisségardin på fönsteryta - Solar","isPartOf":{"@id":"https:\/\/solar.fi\/#website"},"primaryImageOfPage":{"@id":"https:\/\/solar.fi\/sv\/produkt\/solar-plissegardin-pa-fonsteryta\/#primaryimage"},"image":{"@id":"https:\/\/solar.fi\/sv\/produkt\/solar-plissegardin-pa-fonsteryta\/#primaryimage"},"thumbnailUrl":"https:\/\/solar.fi\/wp-content\/uploads\/2025\/04\/Valkoinen-vekkikaihdin-valkoinen-johde-scaled.jpg","datePublished":"2019-04-04T08:51:44+00:00","dateModified":"2025-12-16T13:43:48+00:00","breadcrumb":{"@id":"https:\/\/solar.fi\/sv\/produkt\/solar-plissegardin-pa-fonsteryta\/#breadcrumb"},"inLanguage":"sv-SE","potentialAction":[{"@type":"ReadAction","target":["https:\/\/solar.fi\/sv\/produkt\/solar-plissegardin-pa-fonsteryta\/"]}]},{"@type":"ImageObject","inLanguage":"sv-SE","@id":"https:\/\/solar.fi\/sv\/produkt\/solar-plissegardin-pa-fonsteryta\/#primaryimage","url":"https:\/\/solar.fi\/wp-content\/uploads\/2025\/04\/Valkoinen-vekkikaihdin-valkoinen-johde-scaled.jpg","contentUrl":"https:\/\/solar.fi\/wp-content\/uploads\/2025\/04\/Valkoinen-vekkikaihdin-valkoinen-johde-scaled.jpg","width":2560,"height":1508,"caption":"pimennysverho ikkunaan valkoinen"},{"@type":"BreadcrumbList","@id":"https:\/\/solar.fi\/sv\/produkt\/solar-plissegardin-pa-fonsteryta\/#breadcrumb","itemListElement":[{"@type":"ListItem","position":1,"name":"Etusivu","item":"https:\/\/solar.fi\/sv\/"},{"@type":"ListItem","position":2,"name":"Produkter","item":"https:\/\/solar.fi\/sv\/produkter\/"},{"@type":"ListItem","position":3,"name":"SOLAR Plisségardin på fönsteryta"}]},{"@type":"WebSite","@id":"https:\/\/solar.fi\/#website","url":"https:\/\/solar.fi\/","name":"Solar","description":"Love the Sun","publisher":{"@id":"https:\/\/solar.fi\/#organization"},"potentialAction":[{"@type":"SearchAction","target":{"@type":"EntryPoint","urlTemplate":"https:\/\/solar.fi\/?s={search_term_string}"},"query-input":{"@type":"PropertyValueSpecification","valueRequired":true,"valueName":"search_term_string"}}],"inLanguage":"sv-SE"},{"@type":"Organization","@id":"https:\/\/solar.fi\/#organization","name":"Solar","url":"https:\/\/solar.fi\/","logo":{"@type":"ImageObject","inLanguage":"sv-SE","@id":"https:\/\/solar.fi\/#\/schema\/logo\/image\/","url":"https:\/\/solar.fi\/wp-content\/uploads\/2019\/04\/solar-logo.png","contentUrl":"https:\/\/solar.fi\/wp-content\/uploads\/2019\/04\/solar-logo.png","width":298,"height":132,"caption":"Solar"},"image":{"@id":"https:\/\/solar.fi\/#\/schema\/logo\/image\/"},"sameAs":["https:\/\/www.facebook.com\/Solarkaihdin\/","https:\/\/www.instagram.com\/solarkaihdin\/","https:\/\/fi.pinterest.com\/solarkaihdin16\/","https:\/\/www.youtube.com\/c\/SolarKaihdinKyKalajoki?app=desktop","https:\/\/fi.linkedin.com\/company\/solar-kaihdin-oy?trk=similar-pages","https:\/\/www.tiktok.com\/@solarkaihdin"]}]}</script>
<!-- / Yoast SEO plugin. -->

SOLAR Plisségardin på fönsteryta - Solar

SOLAR Plisségardin på fönsteryta kan justeras både uppifrån och nedifrån och är ett av våra mest populära gardinval.  Produkten monteras direkt på fönstrets glas.
